{"id":39,"date":"2019-11-29T21:32:46","date_gmt":"2019-11-29T21:32:46","guid":{"rendered":"http:\/\/keikkaliksa.com\/?page_id=39"},"modified":"2019-11-29T21:35:15","modified_gmt":"2019-11-29T21:35:15","slug":"matkalaskut","status":"publish","type":"page","link":"http:\/\/keikkaliksa.com\/index.php\/matkalaskut\/","title":{"rendered":"matkalaskut"},"content":{"rendered":"\n<p>Verovapaita matkakustannusten korvauksia voi maksaa vain ty\u00f6nantaja (vrt. ty\u00f6suhde). Verovapaita matkakustannusten korvauksia ovat ainoastaan tuloverolain 71 \u00a7:ss\u00e4 tarkoitetut korvaukset, jotka maksetaan sovitun palkan lis\u00e4ksi ja Verohallinnon verovapaista matkakustannusten korvauksista antaman p\u00e4\u00e4t\u00f6ksen (j\u00e4ljemp\u00e4n\u00e4 Verohallinnon kustannusp\u00e4\u00e4t\u00f6s) mukaisina. <\/p>\n\n\n\n<p>Laskutuspalveluyritys voi maksaa matkakustannusten korvauksia verovapaasti vain, jos sen ja ty\u00f6n suorittajan v\u00e4lill\u00e4 on ty\u00f6suhde ja korvaus maksetaan sovitun palkan lis\u00e4ksi. K\u00e4yt\u00e4nn\u00f6ss\u00e4 t\u00e4m\u00e4 edellytt\u00e4\u00e4, ett\u00e4 ty\u00f6n suorittaja ja asiakas ovat sopineet matkakustannusten korvausten maksamisesta palkkion lis\u00e4ksi ja kustannusten erittely n\u00e4kyy laskulla.  Ty\u00f6n suorittajan on esitett\u00e4v\u00e4 matkakustannusten korvausten maksajalle matkalasku, josta tulee k\u00e4yd\u00e4 ilmi muun muassa matkan tarkoitus, kohde, tarvittaessa matkareitti, matkustamistapa, matkan alkamis- ja p\u00e4\u00e4ttymisajankohdat. <\/p>\n\n\n\n<p>Yritt\u00e4jille ja ns. kevytyritt\u00e4jille ei sen sijaan voida maksaa matkakustannusten korvauksia verovapaasti.<\/p>\n\n\n\n<p>Keikkaliksa.com l\u00e4htee verottajan ohjeen mukaisesti siit\u00e4, ett\u00e4 keikkapalkkiota ei voida maksaa kokonaan verovapaina kustannusten korvauksina. Ennakonpid\u00e4tyksen alaisen palkan osuus m\u00e4\u00e4ritet\u00e4\u00e4n tapauskohtaisesti, mutta tuntipalkaksi pit\u00e4isi kuitenkin j\u00e4\u00e4d\u00e4 v\u00e4hint\u00e4\u00e4n 10 euroa.<\/p>\n\n\n\n<p><a aria-label=\"Verohallinnon kustannusp\u00e4\u00e4t\u00f6s 2019 (opens in a new tab)\" href=\"https:\/\/www.vero.fi\/syventavat-vero-ohjeet\/paatokset\/47405\/verohallinnon-p\u00e4\u00e4t\u00f6s-verovapaista-matkakustannusten-korvauksista-vuonna-2019\/\" target=\"_blank\" rel=\"noreferrer noopener\">Verohallinnon kustannusp\u00e4\u00e4t\u00f6s 2019<\/a><\/p>\n","protected":false},"excerpt":{"rendered":"<p>Verovapaita matkakustannusten korvauksia voi maksaa vain ty\u00f6nantaja (vrt. ty\u00f6suhde). Verovapaita matkakustannusten korvauksia ovat ainoastaan tuloverolain 71 \u00a7:ss\u00e4 tarkoitetut korvaukset, jotka maksetaan sovitun palkan lis\u00e4ksi ja Verohallinnon verovapaista matkakustannusten korvauksista antaman p\u00e4\u00e4t\u00f6ksen (j\u00e4ljemp\u00e4n\u00e4 Verohallinnon kustannusp\u00e4\u00e4t\u00f6s) mukaisina. Laskutuspalveluyritys voi maksaa matkakustannusten korvauksia verovapaasti vain, jos sen ja ty\u00f6n suorittajan v\u00e4lill\u00e4 on ty\u00f6suhde ja korvaus maksetaan sovitun palkan &hellip; <\/p>\n<p class=\"link-more\"><a href=\"http:\/\/keikkaliksa.com\/index.php\/matkalaskut\/\" class=\"more-link\">Continue reading<span class=\"screen-reader-text\"> &#8220;matkalaskut&#8221;<\/span><\/a><\/p>\n","protected":false},"author":1,"featured_media":0,"parent":0,"menu_order":0,"comment_status":"closed","ping_status":"closed","template":"","meta":[],"_links":{"self":[{"href":"http:\/\/keikkaliksa.com\/index.php\/wp-json\/wp\/v2\/pages\/39"}],"collection":[{"href":"http:\/\/keikkaliksa.com\/index.php\/wp-json\/wp\/v2\/pages"}],"about":[{"href":"http:\/\/keikkaliksa.com\/index.php\/wp-json\/wp\/v2\/types\/page"}],"author":[{"embeddable":true,"href":"http:\/\/keikkaliksa.com\/index.php\/wp-json\/wp\/v2\/users\/1"}],"replies":[{"embeddable":true,"href":"http:\/\/keikkaliksa.com\/index.php\/wp-json\/wp\/v2\/comments?post=39"}],"version-history":[{"count":4,"href":"http:\/\/keikkaliksa.com\/index.php\/wp-json\/wp\/v2\/pages\/39\/revisions"}],"predecessor-version":[{"id":44,"href":"http:\/\/keikkaliksa.com\/index.php\/wp-json\/wp\/v2\/pages\/39\/revisions\/44"}],"wp:attachment":[{"href":"http:\/\/keikkaliksa.com\/index.php\/wp-json\/wp\/v2\/media?parent=39"}],"curies":[{"name":"wp","href":"https:\/\/api.w.org\/{rel}","templated":true}]}}