{"id":67,"date":"2019-11-29T22:45:50","date_gmt":"2019-11-29T22:45:50","guid":{"rendered":"http:\/\/keikkaliksa.com\/?page_id=67"},"modified":"2020-02-03T15:28:52","modified_gmt":"2020-02-03T15:28:52","slug":"maksuajat","status":"publish","type":"page","link":"http:\/\/keikkaliksa.com\/index.php\/maksuajat\/","title":{"rendered":"maksuajat"},"content":{"rendered":"\n<p>Keikkaliksa.com -palvelun laskuissa on 7 vuorokauden maksuaika, ellei band leaderin tai muun yhteyshenkil\u00f6n kanssa muuta sovita. Lasku l\u00e4hetet\u00e4\u00e4n yleens\u00e4 laskutuspyynn\u00f6n saapumisp\u00e4iv\u00e4n\u00e4, mutta viimeist\u00e4\u00e4n sit\u00e4 seuraavana arkip\u00e4iv\u00e4n\u00e4. <\/p>\n\n\n\n<p>Palkat maksetaan viimeist\u00e4\u00e4n asiakkaan suoritusta seuraavana pankkip\u00e4iv\u00e4n\u00e4, jos kaikki tarpeelliset tiedot on toimitettu keikkaliksa.com -palveluun.<\/p>\n\n\n\n<p>Vakiintuneissa asiakassuhteissa (luotettava b\u00e4ndi, maksukykyinen ja -haluinen asiakas, selke\u00e4 toimeksianto) palkat lasketaan heti toimeksiannon yhteydess\u00e4 ja maksetaan tileille asiakkaan aikaisempi maksuk\u00e4ytt\u00e4ytyminen huomioiden 1-5 p\u00e4iv\u00e4\u00e4 laskun er\u00e4p\u00e4iv\u00e4n j\u00e4lkeen riippumatta siit\u00e4, koska asiakas laskun maksaa.<\/p>\n\n\n\n<p>V\u00e4\u00e4rink\u00e4yt\u00f6sten v\u00e4ltt\u00e4miseksi on tarpeellista, ett\u00e4 ty\u00f6nantaja (YPP) vahvistaa sek\u00e4 ty\u00f6suhteen alkamisen ett\u00e4 palkan maksuajankohdan laskutuspyynn\u00f6n vahvistusviestiss\u00e4 (kts. sopimussuhteet). <\/p>\n","protected":false},"excerpt":{"rendered":"<p>Keikkaliksa.com -palvelun laskuissa on 7 vuorokauden maksuaika, ellei band leaderin tai muun yhteyshenkil\u00f6n kanssa muuta sovita. Lasku l\u00e4hetet\u00e4\u00e4n yleens\u00e4 laskutuspyynn\u00f6n saapumisp\u00e4iv\u00e4n\u00e4, mutta viimeist\u00e4\u00e4n sit\u00e4 seuraavana arkip\u00e4iv\u00e4n\u00e4. Palkat maksetaan viimeist\u00e4\u00e4n asiakkaan suoritusta seuraavana pankkip\u00e4iv\u00e4n\u00e4, jos kaikki tarpeelliset tiedot on toimitettu keikkaliksa.com -palveluun. Vakiintuneissa asiakassuhteissa (luotettava b\u00e4ndi, maksukykyinen ja -haluinen asiakas, selke\u00e4 toimeksianto) palkat lasketaan heti toimeksiannon &hellip; <\/p>\n<p class=\"link-more\"><a href=\"http:\/\/keikkaliksa.com\/index.php\/maksuajat\/\" class=\"more-link\">Continue reading<span class=\"screen-reader-text\"> &#8220;maksuajat&#8221;<\/span><\/a><\/p>\n","protected":false},"author":1,"featured_media":0,"parent":0,"menu_order":0,"comment_status":"closed","ping_status":"closed","template":"","meta":[],"_links":{"self":[{"href":"http:\/\/keikkaliksa.com\/index.php\/wp-json\/wp\/v2\/pages\/67"}],"collection":[{"href":"http:\/\/keikkaliksa.com\/index.php\/wp-json\/wp\/v2\/pages"}],"about":[{"href":"http:\/\/keikkaliksa.com\/index.php\/wp-json\/wp\/v2\/types\/page"}],"author":[{"embeddable":true,"href":"http:\/\/keikkaliksa.com\/index.php\/wp-json\/wp\/v2\/users\/1"}],"replies":[{"embeddable":true,"href":"http:\/\/keikkaliksa.com\/index.php\/wp-json\/wp\/v2\/comments?post=67"}],"version-history":[{"count":5,"href":"http:\/\/keikkaliksa.com\/index.php\/wp-json\/wp\/v2\/pages\/67\/revisions"}],"predecessor-version":[{"id":110,"href":"http:\/\/keikkaliksa.com\/index.php\/wp-json\/wp\/v2\/pages\/67\/revisions\/110"}],"wp:attachment":[{"href":"http:\/\/keikkaliksa.com\/index.php\/wp-json\/wp\/v2\/media?parent=67"}],"curies":[{"name":"wp","href":"https:\/\/api.w.org\/{rel}","templated":true}]}}